ivided by 3591.
113
What is the remainder when 737186 is divided by 561?
32
Calculate the remainder when 497087 is divided by 4553.
810
Calculate the remainder when 7535581 is divided by 342526.
9
Calculate the remainder when 75524849 is divided by 3101.
3095
What is the remainder when 74382 is divided by 24605?
567
Calculate the remainder when 7589 is divided by 2615.
2359
Calculate the remainder when 5110643 is divided by 18719.
356
What is the remainder when 80512638 is divided by 40?
38
Calculate the remainder when 13939939 is divided by 24.
19
What is the remainder when 1447155 is divided by 58?
55
Calculate the remainder when 1203824 is divided by 401273.
5
What is the remainder when 50830 is divided by 5556?
826
Calculate the remainder when 31441010 is divided by 4723.
4722
Calculate the remainder when 186962 is divided by 155.
32
What is the remainder when 10095289 is divided by 108?
97
What is the remainder when 1437404 is divided by 137?
0
What is the remainder when 21410 is divided by 21253?
157
Calculate the remainder when 30357098 is divided by 36.
26
Calculate the remainder when 1870399 is divided by 1424.
687
Calculate the remainder when 467170 is divided by 12.
10
Calculate the remainder when 55335361 is divided by 320.
1
Calculate the remainder when 5038575 is divided by 75202.
41
Calculate the remainder when 536484308 is divided by 259.
255
What is the remainder when 697814 is divided by 2657?
1680
Calculate the remainder when 6387096 is divided by 67.
53
What is the remainder when 568065 is divided by 388?
33
What is the remainder when 64523951 is divided by 1881?
8
What is the remainder when 3345176 is divided by 1917?
11
Calculate the remainder when 145409769 is divided by 337.
335
Calculate the remainder when 2081386 is divided by 17.
8
What is the remainder when 11789931 is divided by 11789863?
68
Calculate the remainder when 40819900 is divided by 1459.
1457
What is the remainder when 798452 is divided by 133047?
170
Calculate the remainder when 24819 is divided by 12233.
353
Calculate the remainder when 57149073 is divided by 89.
37
What is the remainder when 16347740 is divided by 318?
314
What is the remainder when 1526991 is divided by 508997?
0
Calculate the remainder when 762223 is divided by 4221.
2443
What is the remainder when 562759 is divided by 513?
511
What is the remainder when 63118309 is divided by 21?
16
What is the remainder when 41111567 is divided by 1002721?
6
Calculate the remainder when 483908 is divided by 69.
11
What is the remainder when 1678861 is divided by 5057?
4994
Calculate the remainder when 8165050 is divided by 2041256.
26
Calculate the remainder when 695779 is divided by 14485.
499
What is the remainder when 859592676 is divided by 14?
12
What is the remainder when 52595 is divided by 657?
35
What is the remainder when 35575737 is divided by 7115147?
2
What is the remainder when 172957 is divided by 57637?
46
Calculate the remainder when 1111547879 is divided by 361.
360
Calculate the remainder when 1201151 is divided by 600564.
23
What is the remainder when 6282115 is divided by 2527?
2520
Calculate the remainder when 13634715 is divided by 182.
3
Calculate the remainder when 483777 is divided by 34551.
63
What is the remainder when 17797564 is divided by 2542509?
1
Calculate the remainder when 34665 is divided by 4232.
809
What is the remainder when 200014 is divided by 49995?
34
What is the remainder when 379129 is divided by 7561?
1079
What is the remainder when 57237 is divided by 1822?
755
Calculate the remainder when 3083861 is divided by 126.
11
What is the remainder when 606651 is divided by 2272?
27
What is the remainder when 464052 is divided by 76?
72
What is the remainder when 88600554 is divided by 6547?
3
Calculate the remainder when 40702052 is divided by 12.
8
What is the remainder when 565783 is divided by 187119?
4426
What is the remainder when 489787 is divided by 48978?
7
What is the remainder when 591385 is divided by 653?
420
Calculate the remainder when 10406 is divided by 9901.
505
What is the remainder when 11476986 is divided by 10377?
24
What is the remainder when 48877 is divided by 82?
5
What is the remainder when 2563987 is divided by 150?
37
What is the remainder when 117857 is divided by 117647?
210
Calculate the remainder when 3012702 is divided by 733.
72
Calculate the remainder when 6282220 is divided by 45.
40
Calculate the remainder when 1505360 is divided by 376283.
228
What is the remainder when 44093284 is divided by 82?
80
Calculate the remainder when 21805640 is divided by 516.
512
What is the remainder when 17496076 is divided by 1990?
1986
Calculate the remainder when 16241802 is divided by 128.
10
Calculate the remainder when 45597618 is divided by 214.
210
Calculate the remainder when 199659 is divided by 5121.
5061
Calculate the remainder when 75820 is divided by 326.
188
What is the remainder when 762427 is divided by 40?
27
Calculate the remainder when 34801 is divided by 2673.
52
Calculate the remainder when 9428 is divided by 1103.
604
What is the remainder when 6291248 is divided by 3145619?
10
Calculate the remainder when 2195386 is divided by 1097559.
268
What is the remainder when 24665 is divided by 12308?
49
What is the remainder when 56976 is divided by 13?
10
Calculate the remainder when 251834 is divided by 125878.
78
Calculate the remainder when 1515357 is divided by 378817.
89
Calculate the remainder when 4702051 is divided by 318.
103
What is the remainder when 46723 is divided by 2328?
163
What is the remainder when 17743196 is divided by 21?
2
Calculate the remainder when 9353290 is divided by 850299.
1
Calculate the remainder when 18743763 is divided by 29752.
3
Calculate the remainder when 585863 is divided by 376.
55
Calculate the remainder when 1473039 is divided by 11698.
10789
What is the remainder when 676221 is divided by 63?
42
Calculate the remainder when 175490 is divided by 16.
2
Calculate the remainder when 450347 is divided by 2713.
2702
What is the remainder when 10551937 is divided by 3517308?
13
What is the remainder when 503168 is divided by 501192?
1976
What is the remainder when 39504 is divided by 9416?
1840
Calculate the remainder when 13601154 is divided by 215.
39
Calculate the remainder when 128409 is divided by 128139.
270
Calculate the remainder when 1626608 is divided by 57.
56
Calculate the remainder when 7202676 is divided by 127.
125
Calculate the remainder when 5683041 is divided by 218.
217
What is the remainder when 427057 is divided by 4541?
203
What is the remainder when 120916 is divided by 1300?
16
What is the remainder when 6137544 is divided by 178?
104
Calculate the remainder when 160139 is divided by 474.
401
What is the remainder when 2534 is divided by 420?
14
Calculate the remainder when 25838 is divided by 217.
15
What is the remainder when 4040374 is divided by 577190?
44
What is the remainder when 607865 is divided by 14134?
103
What is the remainder when 358989 is divided by 205?
34
Calculate the remainder when 326278 is divided by 3521.
2346
Calculate the remainder when 69160540 is divided by 227.
223
What is the remainder when 17630413 is divided by 6477?
19
What is the remainder when 190326 is divided by 178692?
11634
What is the remainder when 4209886 is divided by 2025?
1936
What is the remainder when 4495770 is divided by 149?
142
What is the remainder when 294014 is divided by 123?
44
What is the remainder when 117638 is divided by 1079?
27
Calculate the remainder when 103750 is divided by 12967.
14
Calculate the remainder when 63837 is divided by 14667.
5169
What is the remainder when 159950931 is divided by 286?
283
Calculate the remainder when 56692 is divided by 11119.
1097
What is the remainder when 8712912 is divided by 18?
12
Calculate the remainder when 237466 is divided by 604.
94
What is the remainder when 1958185 is divided by 1583?
14
What is the remainder when 468770119 is divided by 5788?
5787
What is the remainder when 83866 is divided by 534?
28
Calculate the remainder when 19420394 is divided by 19577.
10
Calculate the remainder when 2246285 is divided by 52.
41
What is the remainder when 13365714 is divided by 3521?
3519
Calculate the remaind